2). Calculate the highest common factor of i and q.
6
Let k = -64 - -84. Calculate the highest common divisor of k and 15.
5
Suppose p + 51 = -0*p. Let a = p - -161. Calculate the greatest common divisor of a and 10.
10
Let g = 6 + 30. Suppose -126*s - 48 = -128*s. What is the highest common divisor of s and g?
12
Let b(r) = -13*r + 9. Let i be b(-9). Let o be 1/(-2)*(1 + -37). Calculate the highest common factor of o and i.
18
Let d(z) be the first derivative of z**3/3 - z**2 - 3*z + 1. Let s be d(8). Calculate the greatest common factor of s and 5.
5
Let f = -84 - -101. What is the greatest common factor of 187 and f?
17
Let q(x) = -x**3 - 6*x**2 + x - 1. Let h be q(-7). Calculate the highest common factor of h and 164.
41
Let h(n) = -n**3 - 6*n**2 + n + 6. Let q be h(-6). Suppose 0 = y - q*y - 25. Suppose -5*u - 5 = -y. What is the greatest common factor of u and 4?
4
Let m(y) be the second derivative of y**4/4 + y**3 + 2*y**2 - 5*y. Let r be m(-4). Calculate the greatest common divisor of 14 and r.
14
Suppose 2*f - 50 = -3*f + 3*v, -f + 10 = -2*v. What is the greatest common factor of 4 and f?
2
Let r = -2 - -4. Suppose -4*n = r*d - 116, d + 4*d - 5*n - 335 = 0. Calculate the greatest common factor of 16 and d.
16
Let o = 35 + -34. What is the highest common factor of 1 and o?
1
Suppose 2*o = -5*l + 530, 0*o - 1074 = -4*o - 3*l. Calculate the highest common factor of o and 30.
30
Suppose -8*q - 88 = -16*q. Calculate the highest common divisor of 88 and q.
11
Let z = 16 + -8. Suppose 4*n + 38 = 262. Calculate the highest common factor of n and z.
8
Let l(v) = v**2 - 5*v - 4. Let f be l(-3). What is the greatest common divisor of f and 140?
20
Suppose -i + 3 = 2*i. Let s = 37 + -28. Calculate the highest common factor of s and i.
1
Let q(h) = h + 9. Let m be q(-7). Suppose -60 = -4*a - 2*j, 19 = -3*a + 4*j + 75. Calculate the highest common divisor of a and m.
2
Let q(s) = s - 2. Let m be q(2). Let d(i) = i + 1. Let z be d(m). Let a(k) = -k**2 + k + 1. Let r be a(z). What is the highest common divisor of r and 5?
1
Suppose 21 = 3*c - 0*j - 3*j, -4*j = 2*c - 44. Let m(a) = -a**2 + 6*a - 5. Let b be m(5). Suppose -r = -b*r - 30. What is the highest common factor of c and r?
6
Suppose b + 6 - 83 = 0. Calculate the highest common divisor of b and 7.
7
Let o be 4/(-8)*-5*8. What is the greatest common factor of o and 10?
10
Let m(a) = a**2 + 7*a - 10. Let q be m(-6). Let c be (q + 0)/(1/(-4)). What is the greatest common divisor of c and 8?
8
Let f be 2*63/(-12)*54/(-21). Calculate the highest common divisor of f and 9.
9
Let z be (0 - 1)/(3/(-84)). Suppose 0*r + 4*r = z. Suppose 2*o - 5*l - 155 = 0, l + 289 = 4*o - 2*l. Calculate the greatest common divisor of o and r.
7
Suppose 0 = -2*m + 4*s + s - 5, 5*s = 25. What is the greatest common factor of 30 and m?
10
Let h(w) = -w + 7. Let z be h(5). Suppose -4*l + z*y = -94, -2*l - 7*y + 17 = -2*y. What is the greatest common factor of 84 and l?
21
Let b = -1 - -10. Suppose 0 = 5*f - 5*w - 12 - 53, -5*f - 5*w + 115 = 0. Calculate the greatest common factor of b and f.
9
Let a(q) = 4*q**3 - 4*q**2 - 5*q + 1. Let x be a(2). Let n = 3 - -4. What is the highest common factor of x and n?
7
Let l(g) = g + 1. Let h(q) = -5*q - 4. Let k(i) = 2*h(i) + 9*l(i). Let r be k(-3). Calculate the highest common divisor of r and 4.
4
Let c = 38 + 12. What is the greatest common divisor of c and 20?
10
Let w = 11 - 8. Suppose -i + 3*q = -6, 2*i = 6*i + w*q - 9. Calculate the highest common divisor of 6 and i.
3
Let m(u) = 1 - 3 - u - 2 - u**2 + 3*u**2. Let p be m(4). What is the highest common divisor of p and 8?
8
Let l(h) = 3*h**2 - 6. Let g be l(3). Calculate the greatest common divisor of g and 231.
21
Let a(x) = -24*x**3 + 4*x**3 + 2 - 5 + 4 + x. Let p be a(-1). What is the highest common factor of p and 4?
4
Let m be -4 + 3 - (5 + -51). What is the greatest common divisor of 30 and m?
15
Suppose 2*f - 3*u = -0*u + 6, 0 = -f - 4*u + 3. Suppose -f*c = -4*h - 17, 4*h = 4*c + 6*h - 8. Calculate the highest common factor of 6 and c.
3
Let a be 1*(0 - -13 - 1). Let n be (38/(-57) - 10/(-6)) + 11. Calculate the highest common factor of a and n.
12
Let b(t) = -t. Let u be b(-16). What is the greatest common divisor of 48 and u?
16
Suppose 3*i = -2*i + 2*z + 30, -i = 4*z - 28. Calculate the highest common divisor of i and 40.
8
Suppose 0*z - 4*z + i = -52, 2*i = -5*z + 65. Calculate the highest common factor of z and 52.
13
Let z(n) be the second derivative of n**3/6 + 2*n**2 - 4*n. Let w be z(-4). Suppose w = -5*l + 89 + 371. Calculate the highest common factor of 23 and l.
23
Let t be (-3)/(-2*6/8). Suppose -t*r + 4 = 0, 3*f - 277 = r - 6. What is the highest common factor of f and 13?
13
Suppose -2*g + 6 - 18 = 0. Let p be (4/g)/(7/42). Let u be 3/((4/(-5))/p). What is the greatest common factor of u and 120?
15
Let k(d) = 2*d**2 + 12*d - 17. Let y be k(7). What is the greatest common divisor of 15 and y?
15
Let m(i) = 18*i. Suppose -4*n = -c + 15, -n = -c + 3 + 3. Let s be m(c). Suppose 0 = 2*z + z - s. What is the highest common divisor of z and 72?
18
Suppose s = -5*p + 161, 5*s - 2*s = -12. Let j(m) = 11*m**2 - 1. Let z be j(-1). Suppose -3*c + 23 = -z. What is the greatest common factor of c and p?
11
Suppose l - 105 = 5*a - 658, -4*a - 2*l + 434 = 0. What is the greatest common factor of 10 and a?
10
Let d be (19/57)/(1/33). Calculate the greatest common divisor of d and 44.
11
Let t(c) = -c**2 - c - 56. Let q be t(0). Let y be 3/(3/q*-2). Calculate the highest common divisor of y and 4.
4
Suppose -3*a - 5*s + 230 = 2*a, -30 = -a + 3*s. Let b be (15/2)/((-10)/120). Let u be (-20)/b + 187/9. Calculate the greatest common divisor of u and a.
21
Let m = -10 + 21. Suppose y = -2*x + 19, -4*y - 3*x + 36 = -5*x. What is the greatest common factor of y and m?
11
Let c be (-3)/(3*2)*0. Suppose 3*z + c*z = -72. Let n = 37 + z. Calculate the greatest common factor of 117 and n.
13
Suppose 0 = -3*q - 2*q - 35. Suppose 0*u - c - 28 = 3*u, 2*u - c + 22 = 0. Let w = q - u. What is the greatest common factor of w and 33?
3
Suppose 3*p - 5*x - 85 = 0, 2*x + 9 = p - 20. What is the greatest common factor of p and 100?
25
Let c = -3 + 5. Suppose -c*g = 2*i - 76, 5*i - 208 = 2*g + 2*g. What is the highest common divisor of i and 10?
10
Suppose 4*f + 3*n - 2*n - 3 = 0, 0 = -f - 3*n - 13. Suppose 0 = -2*h - f*h + 364. What is the highest common divisor of h and 13?
13
Suppose -l + 22 = 3*l + 2*a, -2*l + 14 = -2*a. Suppose -2*v = -0 + 66. Let t = -9 - v. Calculate the highest common divisor of t and l.
6
Suppose -12 = -4*m + 188. What is the highest common divisor of 25 and m?
25
Let l = -8 - -22. Let m be (-4)/l - (-16)/7. Suppose -m*g = -5*r + 202 + 192, 0 = -4*r - 4*g + 332. Calculate the greatest common factor of r and 10.
10
Let z(r) = r**3 + 4*r**2 - r - 2. Let i be z(-3). Let b = 0 + 15. Suppose -5*y = -b, -u + 2*u = 2*y + 19. Calculate the greatest common factor of i and u.
5
Suppose 4 = -b + 7. Suppose -n + 6 = b. Calculate the greatest common factor of n and 30.
3
Let w = -5 - -8. Suppose -w - 11 = -2*j. Calculate the greatest common factor of 28 and j.
7
Let x = 16 - 13. Suppose 5*y + 20 = -b, 0 = -2*b - 3*y - x - 2. Calculate the highest common factor of 40 and b.
5
Let g = -20 - -23. What is the greatest common factor of g and 3?
3
Let f be (-1)/(3 + 1*-4). Let w be 30/5 + 2*f. Suppose 0 = -5*t - x + 100, -2*t - 5*x + w + 9 = 0. What is the greatest common divisor of t and 231?
21
Suppose -2*y + 50 = 2. What is the greatest common factor of 12 and y?
12
Suppose 10 = w + 2*g, 8*w - 4*w - 88 = 4*g. What is the greatest common factor of w and 4?
2
Suppose 0 = -4*q - q + 1000. What is the highest common divisor of 25 and q?
25
Suppose l = -4*h + 29, h - 18 + 2 = -2*l. Calculate the greatest common divisor of h and 6.
6
Let n be 4/2 + 60/(-3). Let h = -17 - n. What is the greatest common factor of 4 and h?
1
Let q be -2 - -2 - 16/(-2). What is the highest common factor of q and 32?
8
Let b(a) = -a**3 - 4*a**2 - 4*a + 1. Let d be b(-3). Suppose -o + 1 = -d. What is the highest common divisor of o and 5?
5
Let k = -8 - -17. Let c be (k + 3)/((-2)/(-2)). What is the highest common factor of 24 and c?
12
Let y = 125 + -122. 